 2*t = -2*t - b*v + 36, 35 = 3*t + 5*v. What is the units digit of t?
5
Let q = 5 - 1. Suppose -2*s = q*p - 56, -p = 3*s - 2*s - 26. Let h = s + -15. What is the units digit of h?
9
Let g = 5 - 6. What is the units digit of (1 - 4) + (g - -5)?
1
Let q(d) be the third derivative of d**5/60 + d**4/3 + 4*d**3/3 + 4*d**2. What is the units digit of q(-7)?
1
Suppose -2*l - 4*o + 3*o = 0, 4*o = -3*l. Suppose l = 5*z + 2*t - 103, 11 = -4*z + 5*z - 2*t. What is the tens digit of z?
1
Suppose 94 = 5*v + 19. Let p be (-4 + 14)*12/v. Let l = p - 2. What is the units digit of l?
6
Let a(q) = -2*q + 12. What is the tens digit of a(-19)?
5
Let q(m) = m**3 - 5*m**2 + 5. Let c be q(5). Suppose -c*w + j - 6*j + 110 = 0, 0 = -4*w - 3*j + 83. What is the tens digit of w?
1
Let l(g) = -g**2 - 2*g - 1. Let z be l(3). Let h = 28 + z. Suppose 5*k - k = h. What is the units digit of k?
3
Let b(z) = 3*z**3 - z - 1. Let x be b(-1). Let y(d) = -2*d - 4. Let g be y(x). Let p = 0 + g. What is the units digit of p?
2
Let r be 8/6 - (-4)/(-12). Let d(a) = a**2 + 4*a - 3. Let l(z) = -2*z**2 - 7*z + 5. Let q(w) = -7*d(w) - 4*l(w). What is the units digit of q(r)?
2
Let q be (-10)/(-5) - (-1 + 4). Let w = 3 + q. What is the units digit of w?
2
Let h be 1 + 1*(-2 + 3). Let m(x) = 0*x**2 - 2 - x**2 + x - h - x**3. What is the tens digit of m(-3)?
1
Let m(g) = g**3 + 4*g**2 - 2. Let z be m(-3). Let x = 10 - z. Suppose 0*y - 27 = -x*y. What is the units digit of y?
9
Suppose 3*i = -133 + 547. What is the tens digit of i?
3
Suppose y + y = -2*t - 2, 4 = -4*y. Suppose t = -r + 4*r - 3. What is the units digit of r?
1
Let m be (4/(-5) - 0)*-5. Suppose -2*p = p + 5*t - 34, -4*p = m*t - 56. What is the tens digit of p?
1
Suppose x - 3*k = 6 + 4, -5*k + 5 = 0. Suppose 3*m - 8 = u + 5*m, -4*u + m = -x. Suppose -4*c - 18 = u*a, -2*c + 1 = 4*a + 7. What is the units digit of a?
1
Suppose -4*a + 324 = 2*i, -5*a + 743 = 3*i + 252. What is the hundreds digit of i?
1
Let x(y) = -y**3 - 5*y**2 + 6*y + 4. Let q be x(-7). What is the units digit of q/14 + (-2)/7?
4
Let h(p) = -p**2 - 14*p + 20. Let z be h(-14). Let l(m) = m**3 + 4*m**2 + 1. Let i be l(-3). Suppose -i = -2*y + z. What is the tens digit of y?
1
Suppose -2*q + 210 = -148. What is the hundreds digit of q?
1
Let d(l) be the second derivative of l**4/12 + l**3/3 + l**2/2 + 2*l. What is the units digit of d(0)?
1
Suppose 0 = -8*f + 1140 + 1100. What is the units digit of f?
0
Let t = -380 - -114. What is the units digit of 16/(-88) - t/11?
4
Suppose -3*g + 1022 = 2*r, -464 = -3*g - r + 563. What is the units digit of g?
4
Let x = -1 - -18. Let l = x + -11. What is the units digit of l?
6
Let g(j) = j**2 + 1. Let w be g(1). Let a be (w/(-4))/(3/90). What is the units digit of (a/10)/(3/(-10))?
5
Suppose 0 = i - 3*n - 33, -66 = 4*i - 2*n - 218. What is the units digit of i?
9
Let i = -20 + 18. What is the tens digit of (3 + -4 + i)*-11?
3
Suppose 4*x + n + 2*n = 361, -5*x - 3*n = -449. What is the tens digit of x?
8
Let m be 2/7 - (-74)/(-14). Let l(z) = z**2 - 3*z - 11. Let y be l(6). Let k = y + m. What is the units digit of k?
2
Suppose -7*y + 168 + 112 = 0. What is the tens digit of y?
4
Let h(l) = -l**2 + 5*l + 5. Let n be h(5). Let b = 19 + -7. Let s = b - n. What is the units digit of s?
7
What is the units digit of (-2)/6 + 35/15?
2
Suppose 0 = 3*y - 7*y + 220. What is the units digit of y?
5
Let t(b) = b**2 + b + 18 - 1 - 3 - 1. What is the tens digit of t(0)?
1
Let g(r) be the first derivative of 4/3*r**3 + 5*r - 1/4*r**4 + 1 + 5/2*r**2. What is the units digit of g(5)?
5
Let q be 16*3*1/2. Suppose 0 = -3*a + a + q. What is the tens digit of a?
1
Suppose -3*l + 29 = -5*f - 19, -5*f - 4*l - 41 = 0. Let z(g) = -2*g. What is the units digit of z(f)?
8
Let m(a) = 2*a + 3. Let l be m(-4). Suppose -5*o = 4*f - 25, -4*f = -5*f - 2*o + 4. What is the units digit of 2/l + 64/f?
6
Let h(l) = 84*l**2 - 2*l - 1. Let j be h(-1). Suppose 3*q + 83 = 5*r - q, -4*r + j = 3*q. What is the units digit of r?
9
Let z be ((-177)/6)/((-5)/10). Let u = -29 + z. What is the tens digit of u?
3
Suppose 6*c - 51 = 3*c. What is the tens digit of c?
1
Suppose 4*k - 3*r = 248, -3*r = -4*k - 6*r + 272. What is the units digit of k?
5
Let q = -8 - -13. Suppose -q*h - 92 = -7*h. What is the units digit of h?
6
Let o(x) = 13*x**2 + x + 1. Let y be o(-1). Let k = y - 5. Let z = 18 - k. What is the tens digit of z?
1
Let f(p) be the third derivative of p**4/12 - 5*p**3/2 - p**2. Let q be (0 - -10) + 1 - 1. What is the units digit of f(q)?
5
What is the units digit of (-274)/(-5) - 44/55?
4
Let d(v) be the first derivative of 3*v - 1/2*v**2 + 2. What is the units digit of d(-6)?
9
What is the units digit of 2*(-4*(-4)/32)/1?
1
What is the tens digit of (-2904)/(-55) - (-1)/5?
5
Let r(v) = -v**3 - 6*v**2 - v + 6. What is the units digit of r(-6)?
2
Let t = -6 - -9. Suppose -s + t*s = 6. Suppose 5*a = -3*f + 14 - 3, -s*f + 2 = -4*a. What is the units digit of f?
2
Let g(z) = -z**3 - 7*z**2 - 5*z + 17. What is the tens digit of g(-7)?
5
Suppose 3*o - 4 = 2*o. Suppose j + o*j - 14 = -4*m, -12 = -4*j - 4*m. Let q = j + -1. What is the units digit of q?
1
Let a = 48 - 30. What is the units digit of a?
8
Let y = -14 - -35. What is the units digit of y?
1
Let q = 1 - 10. Let z be -1 - 12/q*3. Suppose -z*f + 65 = 2*f. What is the units digit of f?
3
Suppose -4*b - 5*f = -31, -8*f + 3*f = 25. What is the tens digit of -6*(b/(-6) - 0)?
1
What is the hundreds digit of (346/(-4))/((-35)/10 + 3)?
1
Suppose -k + 25 = -2*g + 3, 54 = 3*k - 2*g. Let m(h) = h**2 - 17*h + 21. What is the units digit of m(k)?
5
Let u = 2 + -1. Let j = u - -2. Suppose j*g = g + 20. What is the units digit of g?
0
Let p = -32 - -40. What is the units digit of p?
8
Suppose s = -4*l + 17, -4*l + 3*l = 5*s - 9. Let a be s/(-4) - 10/(-8). Suppose -1 = -2*d + a. What is the units digit of d?
1
Suppose -2*i + 6 = -2. Suppose i*m + 22 = 2. Let c = m - -8. What is the units digit of c?
3
Let n be (2/4)/(3/144). What is the units digit of (10/(-8))/((-3)/n)?
0
Let v = -9 - -12. Suppose v*o + 5*r = 28, -2*o + r + 3*r + 4 = 0. What is the units digit of o?
6
Suppose -14*u = -13*u - 24. What is the tens digit of u?
2
Suppose -4*w - 2 = -18. Suppose w*m + 11 - 51 = 0. What is the tens digit of m?
1
Suppose 5*h - 71 = 104. Suppose 3*q - 81 = -21. Let w = h - q. What is the units digit of w?
5
Let d(k) = 6*k**2 - 11 + 2*k**3 + 4 + 0*k - k**3 - 2*k. What is the units digit of d(-6)?
5
Suppose 19 = -3*a - 11. What is the units digit of (-12)/(-5) - (-4)/a?
2
Let j(u) = -4*u + 4. What is the units digit of j(-6)?
8
Suppose 0 = 5*a - 2*o - 214, 0*a + a - 3*o = 48. Suppose -2*p + p = n - a, -n = -p + 34. What is the tens digit of p?
3
Suppose -u = 4*v + 4*u + 14, 5*u + 2 = -2*v. Let t(g) = -g - 8. Let a(i) = -i - 16. Let m(r) = -2*a(r) + 5*t(r). What is the tens digit of m(v)?
1
Let v = 9 + -5. Suppose -l = v*l - 75. What is the units digit of l?
5
Let p(l) = -l + 11. Let s be p(8). Suppose 5*w - 10 = 0, 0 = -0*n + n - s*w - 35. What is the tens digit of n?
4
Suppose -2*n - 8 = 2*n. Let x(i) = 4*i + 2. Let w(y) = -5*y - 3. Let m(o) = -4*w(o) - 6*x(o). What is the units digit of m(n)?
8
Let n = 2 - 0. Let g be (n - 1) + -2 + 1. What is the units digit of -4*(-3)/(g - -3)?
4
Suppose 3*g - 68 = -4*p + 4*g, -94 = -5*p - g. Suppose 0 = r + r - p. What is the units digit of r?
9
Suppose -28 = 7*i - 3*i. Let d = i - -12. What is the units digit of d?
5
Let n be (2/3)/(4/(-6)). Suppose -3 = 2*r + 3. Let l = n - r. What is the units digit of l?
2
Suppose -2*m = 4*m - 540. What is the tens digit of m?
9
Suppose -5*x + 1 + 14 = 0. Let t = x + -1. What is the units digit of t?
2
Let z be ((-14)/4)/(4/8). Let l = z + 12. What is the units digit of l?
5
Suppose 4 - 8 = 2*x, p - 41 = x. What is the units digit of p?
9
Let b(p) = p**2 - 4*p + 1. Let g be b(-3). What is the units digit of 18/(-12) + g/4?
4
Suppose 1 + 9 = 5*x. Let j(g) = -3. Let a(p) = -p - 10. Let r(t) = -6*a(t) + 21*j(t). What is the units digit of r(x)?
9
Let v(y) = -8*y + 4. Let k be v(3). Let b be 22/(-4) - 2/(-4). What is the units digit of -1 + 1 + k/b?
4
Let p(u) = 6*u**2 - 17*u + 49. What is the units digit of p(7)?
4
Suppose 2*f + 4*l = -8, -f - 3 = 3*l + 4. S